, 3, 89
List the prime factors of 34519.
34519
What are the prime factors of 2657?
2657
What are the prime factors of 1973?
1973
List the prime factors of 169.
13
List the prime factors of 198.
2, 3, 11
List the prime factors of 742.
2, 7, 53
What are the prime factors of 16496?
2, 1031
List the prime factors of 64.
2
List the prime factors of 46596.
2, 3, 11, 353
What are the prime factors of 2308?
2, 577
List the prime factors of 1200.
2, 3, 5
List the prime factors of 1562.
2, 11, 71
List the prime factors of 371.
7, 53
List the prime factors of 54433.
29, 1877
List the prime factors of 29623.
11, 2693
What are the prime factors of 347?
347
List the prime factors of 5248.
2, 41
List the prime factors of 1783.
1783
List the prime factors of 3100.
2, 5, 31
What are the prime factors of 115272?
2, 3, 1601
List the prime factors of 7927.
7927
What are the prime factors of 2274?
2, 3, 379
What are the prime factors of 560?
2, 5, 7
What are the prime factors of 2043?
3, 227
List the prime factors of 4504.
2, 563
List the prime factors of 9322.
2, 59, 79
What are the prime factors of 3377?
11, 307
What are the prime factors of 9119?
11, 829
What are the prime factors of 128255?
5, 113, 227
List the prime factors of 7341.
3, 2447
What are the prime factors of 2567?
17, 151
What are the prime factors of 13627?
13627
What are the prime factors of 10193?
10193
What are the prime factors of 18297?
3, 19, 107
List the prime factors of 143.
11, 13
List the prime factors of 19194.
2, 3, 7, 457
List the prime factors of 71170.
2, 5, 11, 647
List the prime factors of 72103.
72103
What are the prime factors of 1372?
2, 7
List the prime factors of 477.
3, 53
List the prime factors of 3969.
3, 7
List the prime factors of 14318.
2, 7159
What are the prime factors of 2740?
2, 5, 137
List the prime factors of 25071.
3, 61, 137
What are the prime factors of 1443?
3, 13, 37
What are the prime factors of 14950?
2, 5, 13, 23
List the prime factors of 357.
3, 7, 17
List the prime factors of 2722.
2, 1361
What are the prime factors of 90055?
5, 7, 31, 83
What are the prime factors of 1613?
1613
What are the prime factors of 107097?
3, 29, 1231
What are the prime factors of 3485?
5, 17, 41
What are the prime factors of 12038?
2, 13, 463
List the prime factors of 360.
2, 3, 5
What are the prime factors of 16637?
127, 131
What are the prime factors of 7776?
2, 3
What are the prime factors of 1736?
2, 7, 31
List the prime factors of 26171.
26171
What are the prime factors of 7988?
2, 1997
What are the prime factors of 5600?
2, 5, 7
List the prime factors of 68703.
3, 22901
List the prime factors of 4212.
2, 3, 13
What are the prime factors of 3314?
2, 1657
What are the prime factors of 141?
3, 47
List the prime factors of 26040.
2, 3, 5, 7, 31
List the prime factors of 4570.
2, 5, 457
List the prime factors of 4912.
2, 307
List the prime factors of 3288.
2, 3, 137
List the prime factors of 89131.
7, 17, 107
What are the prime factors of 15047?
41, 367
List the prime factors of 5302.
2, 11, 241
What are the prime factors of 2196?
2, 3, 61
List the prime factors of 81797.
157, 521
What are the prime factors of 378?
2, 3, 7
What are the prime factors of 25355?
5, 11, 461
List the prime factors of 37103.
11, 3373
List the prime factors of 33895.
5, 6779
What are the prime factors of 22214?
2, 29, 383
List the prime factors of 943.
23, 41
What are the prime factors of 6636?
2, 3, 7, 79
List the prime factors of 1742.
2, 13, 67
What are the prime factors of 12348?
2, 3, 7
What are the prime factors of 7782?
2, 3, 1297
List the prime factors of 7300.
2, 5, 73
List the prime factors of 181687.
11, 83, 199
What are the prime factors of 17609?
17609
List the prime factors of 6832.
2, 7, 61
What are the prime factors of 102785?
5, 61, 337
What are the prime factors of 5?
5
What are the prime factors of 2546?
2, 19, 67
List the prime factors of 32782.
2, 37, 443
List the prime factors of 807.
3, 269
What are the prime factors of 1917?
3, 71
List the prime factors of 30599.
37, 827
What are the prime factors of 27862?
2, 13931
List the prime factors of 88117.
88117
What are the prime factors of 3527?
3527
List the prime factors of 4200.
2, 3, 5, 7
What are the prime factors of 442?
2, 13, 17
What are the prime factors of 17031?
3, 7, 811
What are the prime factors of 5491?
17, 19
What are the prime factors of 6949?
6949
What are the prime factors of 5845?
5, 7, 167
What are the prime factors of 9617?
59, 163
What are the prime factors of 3095?
5, 619
List the prime factors of 1498.
2, 7, 107
What are the prime factors of 21614?
2, 101, 107
List the prime factors of 25677.
3, 317
What are the prime factors of 10109?
11, 919
List the prime factors of 2996.
2, 7, 107
What are the prime factors of 26199?
3, 41, 71
List the prime factors of 937.
937
List the prime factors of 1482.
2, 3, 13, 19
What are the prime factors of 1592?
2, 199
List the prime factors of 1064.
2, 7, 19
What are the prime factors of 397?
397
What are the prime factors of 3734?
2, 1867
List the prime factors of 120897.
3, 7, 19, 101
List the prime factors of 3871.
7, 79
What are the prime factors of 107830?
2, 5, 41, 263
List the prime factors of 9664.
2, 151
List the prime factors of 1689.
3, 563
What are the prime factors of 10751?
13, 827
List the prime factors of 20913.
3, 6971
List the prime factors of 23101.
13, 1777
List the prime factors of 6498.
2, 3, 19
List the prime factors of 34989.
3, 107, 109
What are the prime factors of 670?
2, 5, 67
List the prime factors of 134.
2, 67
List the prime factors of 77153.
77153
What are the prime factors of 4700?
2, 5, 47
What are the prime factors of 19378?
2, 9689
What are the prime factors of 11616?
2, 3, 11
List the prime factors of 15570.
2, 3, 5, 173
List the prime factors of 3208.
2, 401
What are the prime factors of 5128?
2, 641
List the prime factors of 1315.
5, 263
What are the prime factors of 75370?
2, 5, 7537
What are the prime factors of 2466?
2, 3, 137
List the prime factors of 10213.
7, 1459
List the prime factors of 651.
3, 7, 31
List the prime factors of 2760.
2, 3, 5, 23
What are the prime factors of 767?
13, 59
List the prime factors of 420.
2, 3, 5, 7
What are the prime factors of 22263?
3, 41, 181
What are the prime factors of 440?
2, 5, 11
What are the prime factors of 163?
163
List the prime factors of 17.
17
List the prime factors of 1250.
2, 5
List the prime factors of 3515.
5, 19, 37
List the prime factors of 2319.
3, 773
What are the prime factors of 7566?
2, 3, 13, 97
What are the prime factors of 15753?
3, 59, 89
List the prime factors of 57177.
3, 6353
What are the prime factors of 69677?
69677
What are the prime factors of 7981?
23, 347
What are the prime factors of 16005?
3, 5, 11, 97
List the prime factors of 1151.
1151
List the prime factors of 2198.
2, 7, 157
List the prime factors of 26668.
2, 59, 113
List the prime factors of 53838.
2, 3, 997
What are the prime factors of 72?
2, 3
What are the prime factors of 18235?
5, 7, 521
List the prime factors of 4852.
2, 1213
What are the prime factors of 464?
2, 29
What are the prime factors of 42501?
3, 31, 457
List the prime factors of 3937.
31, 127
What are the prime factors of 1455?
3, 5, 97
What are the prime factors of 11575?
5, 463
List the prime factors of 7151.
7151
What are the prime factors of 10133?
10133
What are the prime factors of 15078?
2, 3, 7, 359
List the prime factors of 16306.
2, 31, 263
List the prime factors of 20951.
7, 41, 73
What are the prime factors of 16476?
2, 3, 1373
List the prime factors of 2920.
2, 5, 73
What are the prime factors of 51205?
5, 7, 11, 19
What are the prime factors of 878?
2, 439
What are the prime factors of 985?
5, 197
List the prime factors of 99890.
2, 5, 7, 1427
What are the prime factors of 10957?
10957
List the prime factors of 153118.
2, 7, 10937
What are the prime factors of 27948?
2, 3, 17, 137
List the prime factors of 73862.
2, 36931
What are the prime factors of 934?
2, 467
List the prime factors of 669.
3, 223
List the prime factors of 212978.
2, 83, 1283
List the prime factors of 67993.
67993
List the prime factors of 3089.
3089
List the prime factors of 37121.
7, 5303
What are the prime factors of 820?
2, 5, 41
List the pri